65, -a*g + 190 = 5*w. What is the units digit of w?
5
Let j = 5 + -3. Suppose -4*i = 5*r - 3*r - 504, j*i + 4*r - 258 = 0. Suppose -4*o = -u - 100, u - 51 + i = 3*o. What is the units digit of o?
6
Suppose 3*o - 3*g = -12, -5 = o - 2*g + 4. What is the units digit of o?
1
Suppose 0 = -5*y - 3*s + 222, 4*y - 133 = -s + 39. What is the tens digit of y?
4
Let f(g) = 95*g**2 - 3*g - 2. What is the units digit of f(-1)?
6
Let j = 73 + -72. Let z(r) = 16*r + 2. What is the units digit of z(j)?
8
Suppose 2*v + 2 = 0, 6*m - 36 = 2*m + 4*v. Let i(b) = b + 2. Let t be i(-3). What is the units digit of (4/m)/(t/(-14))?
7
Let z(p) = -10 - 4*p + 2*p**2 - p**2 + 0*p**2. Let a be z(6). Suppose -2*l = g - 22, -20 = l - a*l - 5*g. What is the tens digit of l?
1
Let w be (-2)/6 - (-16530)/45. Suppose w + 528 = 5*c. What is the hundreds digit of c?
1
Suppose -4 = -y + 2*y + 3*n, -3*n = -2*y + 10. Suppose y*b - 9*b = -371. What is the units digit of b?
3
Let n(w) = -49*w + 11. Let u = 29 + -30. What is the units digit of n(u)?
0
Let s = 32 + -117. Let n = s - -136. What is the units digit of n?
1
Suppose 5*w - 2*w - 18 = 2*q, 4*q = -5*w + 52. What is the units digit of (-1 - w)*(-5)/((-45)/(-6))?
6
Suppose 2*i = -80*u + 81*u - 1240, 3*u - 3700 = -4*i. What is the hundreds digit of u?
2
Suppose -2*i + t + 53 = -4*t, -i - 3*t = -43. What is the tens digit of 85 + i - (-1)/(-1)?
1
Let g be ((-2)/3)/((-2)/138). Suppose 136 = 4*a + 3*r, -185 + g = -5*a + 4*r. Let x = 13 + a. What is the tens digit of x?
4
Let c be ((-2)/(-6))/(4/(-108)*-3). Suppose c*y + 3*b - 8 = 2*y, 4*y + b = 43. What is the tens digit of y?
1
Suppose 10572 + 1290 = 9*w. What is the tens digit of w?
1
Suppose 8 = -f - 12. What is the tens digit of 575/4 - f/16?
4
Let t(h) = 5*h**2 + 6*h - 31. What is the tens digit of t(8)?
3
Let n(k) be the second derivative of 5*k**4/12 - k**3/6 + k**2/2 + 7*k. Let d be n(1). Suppose 4*j - 8 = 0, d*f - 44 = -0*f + 3*j. What is the units digit of f?
0
Let m = 5343 + -2691. What is the hundreds digit of m?
6
Let p(l) = 164 - l + 4*l**2 - 2*l**2 - 207*l**3 + 101*l**3 + 107*l**3. What is the hundreds digit of p(0)?
1
Let u = -43 - -200. Suppose -f - f + 173 = 5*k, -2*f - u = -5*k. Let h = 61 - k. What is the units digit of h?
8
Let t(y) = -y**2 - 4*y - 2. Let i be t(-2). What is the units digit of 2*((-15)/10 + i)?
1
Let k(t) = -t**2 - 6*t + 2. Let u be k(-6). Suppose 4*n + 3*c - 16 = -c, u*n - c - 5 = 0. What is the tens digit of -2 + -1 + (24 - n)?
1
What is the hundreds digit of (-29 - -30)/((-1)/(-785))?
7
Suppose -2*t = -3*c - 2304 - 551, 2*t - 2850 = 2*c. What is the thousands digit of t?
1
Suppose -f = -4*b + 4*f - 19, 13 = -4*b + 3*f. What is the tens digit of (145/(-20))/(b/4)?
2
Let u = 1 - 0. Let g be (-8)/(-8) - (2 - u). Let o(k) = -k**2 - k + 19. What is the units digit of o(g)?
9
Let v = -6 + 24. Let m = 37 + v. What is the units digit of m?
5
Let n = 50 - -54. Suppose 8*w - 4*w = n. What is the tens digit of w?
2
Let c = 10 - 6. Suppose -2*f - 2 = x - 6, c = 4*f. Suppose -6*b + l + 98 = -b, -x*b + 4*l + 32 = 0. What is the tens digit of b?
2
Let p = -227 + 658. Let f = -246 + p. What is the units digit of f?
5
Suppose 2*g + 0*g + 23 = 5*p, 0 = -2*g - 8. Suppose 0 = -p*n + 5*n. Suppose n = j + j - 26. What is the units digit of j?
3
Let a(x) = 6*x**2 - 103*x - 34. What is the hundreds digit of a(19)?
1
Suppose 2*i - 4518 = -16*i. What is the units digit of i?
1
What is the units digit of (-1)/((2/(-8))/((-1659)/(-28)))?
7
Suppose -2*f + 359 = -257. What is the units digit of f?
8
Suppose 5*f = 12*j - 8*j + 1927, -1540 = -4*f + 4*j. What is the hundreds digit of f?
3
Let r(c) = -c + 13. Let y be r(-6). Let j = 79 - y. Suppose 4*n = -n + j. What is the tens digit of n?
1
Suppose 7*o + 36 = 1100. What is the units digit of o?
2
What is the tens digit of 3641*((-88)/(-11) - 7)?
4
Let o(y) = -9*y - 9. Let b be o(-1). Let q be (-10)/((-1)/((-9)/6)). Let f = b - q. What is the units digit of f?
5
Suppose -5*r - 11 + 51 = 0. Let o(d) = -d**3 + 7*d**2 + 6*d + 4. Let c be o(r). Let f = 23 + c. What is the tens digit of f?
1
Let i(w) be the third derivative of -11*w**4/24 - 25*w**3/6 + 20*w**2. What is the units digit of i(-3)?
8
What is the tens digit of 310*-1*(5 + -6)?
1
Suppose 1899 = 2*x - 497. What is the units digit of x?
8
Let h = 2235 - 1071. What is the hundreds digit of h?
1
Suppose -4*o = -3*k + 14 + 6, -k + 10 = -2*o. Let r be (-12)/o + 4/(-10). What is the tens digit of r/(-4) + 150/12?
1
Let g(a) = a**3 + 7*a**2 + 3*a - 5. Suppose -2 - 6 = 2*r. Let t be 6/(-4) + 10/r. What is the units digit of g(t)?
1
Suppose -2*g - 16 = 4*r, 86 = -r - 5*g + 82. Let w be (-1)/(5/(-8))*10. What is the tens digit of ((-54)/r)/(12/w)?
1
Suppose 4*z + 40 = w, 63 + 77 = 2*w + 4*z. Let k = 82 - w. What is the units digit of k?
2
Suppose 4*k + 2*z - 3428 = -2*z, z + 2591 = 3*k. What is the units digit of k?
2
Suppose -29*u + 10945 = 26*u. What is the units digit of u?
9
Let m(h) = -25*h**3. Let k be m(-1). Let o(i) = i - 8. Let n be o(3). Let g = k + n. What is the units digit of g?
0
Suppose -4*g = 3*l - 9229, g + 2296 = 2*g + 3*l. What is the thousands digit of g?
2
Suppose -6*q = -7*q - g + 1525, -g = 4*q - 6100. What is the thousands digit of q?
1
Suppose -4*z - z = -4*r + 16, 5*r - 29 = 4*z. Let v = 17 - r. Suppose -i - j - 37 = -4*i, 0 = 4*j - v. What is the tens digit of i?
1
Let w(q) = -118*q**3 - 2*q**2 - 4*q - 3. What is the units digit of w(-1)?
7
Suppose -7236 = 678*k - 696*k. What is the tens digit of k?
0
Let b = -9 + 5. Let y(a) = -a**2 - 4*a + 5. Let v be y(b). Suppose v*g - 5*z - 45 = 0, 5*g = -4*z + 13 + 50. What is the units digit of g?
1
Let v = 11 + -7. Let g = v - 2. Suppose g*u + 0*u = 40. What is the units digit of u?
0
Let l be (4 - 0)*(-3132)/24. Let d = l - -749. What is the tens digit of d?
2
Suppose 0 = -24*w + 10*w + 2366. What is the tens digit of w?
6
Let n = -336 - -502. What is the hundreds digit of n?
1
Let l(a) = a**3 + 2*a**2 - a + 1. Let p be l(2). Suppose -3*z = -8*z + p. Suppose 3*g - 47 = f + 48, z*f = -3*g + 75. What is the tens digit of g?
3
Let s(j) = -3*j - 3*j**2 - 3*j**2 + 2*j**2 + j**3 + 4 + 2*j**2. Let y be s(3). Suppose 4*g - 16 - y = 0. What is the units digit of g?
5
Let i = 1961 + -1120. What is the hundreds digit of i?
8
Suppose -i - 7 = -3. Let w(v) = -27*v - 1. Let b be w(i). Suppose b = 4*k - 5. What is the units digit of k?
8
Let a(d) = d**2 - d + 1. Let f be a(-1). Suppose -b = -r - 137, -f*b = b + 2*r - 554. What is the tens digit of b?
3
What is the hundreds digit of 4/((-28)/(-28739)) - (-8)/(-14)?
1
Let b(k) = 58*k - 39*k - 15 + 51*k + 4. What is the units digit of b(1)?
9
Let s(k) = 54*k**3 + 5*k**2 + 4*k - 22. What is the units digit of s(3)?
3
Suppose 2190*m - 2203*m + 22412 = 0. What is the units digit of m?
4
Suppose 0 = a + i - 404, -44 + 34 = 2*i. What is the units digit of a?
9
Suppose -3*y + 8*j + 2849 = 4*j, -5*y + 4758 = 3*j. What is the units digit of y?
1
Let g = 83 - 65. What is the tens digit of 18/(-2)*(-4 + (-120)/g)?
9
Let g = -322 + 692. What is the units digit of g?
0
Let f(t) = -32*t. Suppose -9*j + 10 = -11*j. Let r be f(j). Suppose 4*m = 2*h - 6*h + r, 0 = 5*h. What is the tens digit of m?
4
Let m(d) = -4821*d - 75. What is the hundreds digit of m(-1)?
7
Let w(b) = -10*b - 9 - b**3 - 10*b**2 - 10 + 24*b**2. What is the units digit of w(11)?
4
Let j(q) = q**2 - 8*q + 5. Let b be j(7). What is the units digit of (-215)/(-15) - b/3?
5
Let c be 5/((-45)/(-84))*9. Suppose 4*l + c - 280 = 0. Suppose -f + 5*o + l = 0, -83 = -2*f + 6*o - o. What is the units digit of f?
4
Suppose 0 = v + 4*m - 24, 2 = -m + 7. What is the units digit of (-4692)/(-33) - v/22?
2
Let v be 1 + 40 + -3 + -3. Suppose -c + 2*g - 6 + 3 = 0, 3*c - v = -5*g. Suppose 5*o = o + c*y + 161, -19 = -o - 3*y. What is the units digit of o?
4
Suppose 1450*a - 1444*a = 17406. What is the hundreds digit of a?
9
Suppose 14*l - 1153 = -47. What is the tens digit of l?
7
Let i be (-2)/(118/38 - 3). Let p be (i/(-3))/((-4)/(-12)). Let c = -13 + p. What is the units digit of c?
6
Suppose -m - 13*n + 1709 = -14*n, -8531 = -5*m - 2*n. What is the tens digit of m?
0
What is the units digit of (23136/64)/(9/12)?
2
What is the units digit